2 - -77)?
82
-69 + 77 + (33 - 21)
20
What is (0 + -5 - -26) + (-3 - 28) + 18?
8
-16 + 0 + (-31 - 17 - -81)
17
Calculate 22 + (-17 - 94) + 115.
26
43 + -9 + 0 - (11 + 16 - 18)
25
What is (702 - 659) + (-39 - -4)?
8
Calculate 72 + (29 - 31 - -17) + 6.
93
Calculate 3591 + -3645 - (-103 - -3).
46
Evaluate 77 + 0 + (-12148 - -11994).
-77
What is the value of 35 + -49 + (40 - 0)?
26
2 + 42 - (-25 - -7 - (29 - 44) - -15)
32
(-5 - 4) + (27 - 22 - 6 - -6)
-4
0 + 24 + -8 + -7 - (-8 - -72)
-55
What is the value of (2 - (-1 - -5)) + 11 + (633 - 641)?
1
28 + -66 - (5 + -7)
-36
What is (-1765 - -1640) + -9 + 203?
69
What is (1038 - 1016) + 1 + -14 + -1 - (-1 + 73)?
-64
What is the value of -4 + (147 - 86) + 2 + (2 - (0 - -4))?
57
Calculate -43 - (-29 - 70 - -29).
27
Calculate -1942 + 1922 + -55 + 0 + -3.
-78
9 + -32 + (1 - (-2 - 2)) - -9 - 5
-14
What is the value of 36 + (-58 - -26) - (-1 + 75) - 0?
-70
(74 - (14 - -13) - 14) + 106
139
24 - (-101 - -124) - 41
-40
Evaluate -3 - (1 - (-4 - -3)) - (-5 - -24).
-24
Evaluate 133 + (-27 + (-54 - -38) - -24 - (1 - 6)).
119
22 + ((-8 - -5) + -9 - 9)
1
What is the value of 91 + (56 - (75 + 49))?
23
What is -2 - 23 - (-3064 - -3083)?
-44
What is 6 - -10 - (14 - -13 - -12)?
-23
Evaluate 15 + (-66 - -72) - (5 + 1).
15
What is 21 - (12 - 46 - -127)?
-72
What is the value of (-36 - (-43 + -99)) + -37?
69
Calculate -4 + -24 + 32 - ((-6 - -16) + -120).
114
Evaluate 27 + -35 - (60 + -106).
38
What is 9 - (-61 - (-21 - 9 - -7))?
47
What is the value of 9 + (44 + -29 - (-2 + 8)) + -46?
-28
Evaluate -2 + (-3 - 0) + (-35 - (-5 - 40)).
5
Calculate (101 - 99) + -1 + 18 + -10 + (8 - -44).
61
-329 + 330 - (-27 - (1 + 2)) - -14
45
What is -1 + 2 + -86 - (115 - (112 + -11))?
-99
32 - (-5 + -18 + 3 + 10)
42
What is the value of -5 - (-9 + 2) - (-2686 + 2670)?
18
-44 - 66 - (39 + (6 - 12) + -8)
-135
What is -12 + 2 + 0 + 7 + 12 + -5?
4
What is the value of -45 + (52 + -6 + -6 - 20)?
-25
-40 + 25 + -13 + (8 + -24 - -11)
-33
-6 + 1 + (-9 - -72) - (52 - 51)
57
18 + (-1 - 43) - -15
-11
Calculate 76 + (1871 - 1869 - (1 + 18)).
59
Calculate 33 + 2 + -14 + 18 + -91.
-52
-7 - (-10 - -46 - 8 - (9 - -3))
-23
-16 - (-30 - -29 - (20 - 4))
1
What is -13 + 0 - (1919 - 1921)?
-11
What is the value of (618 + -647 - (-21 - 0)) + (1 - -29)?
22
Calculate (-117 - -110) + (13 - -73 - 9).
70
Evaluate (46 - 122) + 6 + 17 + -1.
-54
What is the value of -16 + (-25 - (26 - (51 - -26)))?
10
What is the value of 38 + (-12 - (-9 - 6 - -6) - -8)?
43
Calculate -11 - (16 + -5 + (26 - 64)).
16
What is the value of 34 + (-45 - (38 + -22))?
-27
Calculate 0 + (-6 - (-50 + 21)) + 23.
46
What is (2730 - 2708) + (1 - 75 - (3 + -1))?
-54
What is 27 + (-10 - 3) + 1 - 31?
-16
What is the value of (-20 - -8) + 1 + 0 + 23 + 0?
12
What is the value of -7 + 1 + (7 - 6 - 5) + (-12 - -51)?
29
What is the value of 81 + -67 + -20 + 57?
51
Calculate (4 - ((16 - 8) + -10 - -1)) + -31.
-26
What is (4 - -6 - 21) + (29 - -1) + (2 - -3)?
24
Evaluate -22 + 4 + 12 + -38 - 4 - (12 - -2).
-62
Calculate -76 - -15 - (-370 + 227).
82
-50 - (-116 + 2) - 19
45
What is 47 - (44 - 11) - -25?
39
Evaluate -14 - (-47 - ((18 - 23) + -22)).
6
Evaluate 4 - (-32 + -6) - (-9 - (42 - 55)).
38
What is 106 - 35 - (28 - -6)?
37
What is (1 - (2 - (-2 + 3 + 11))) + (-1746 - -1756)?
21
What is 33 + 3 + -11 + 21 + -23 + 5?
28
Calculate -3 + -2 + -7 + 1 + 2 + -486 + 599.
104
What is 3 + (28 - (46 - -11)) + (11 - 1)?
-16
Evaluate -41 + (-76 - (-43 + -43)).
-31
Evaluate 120 + (-2 - 0) - (-47 + 255 + -192).
102
What is -2 - ((1 - -2) + (-67 - 1)) - (-464 - -467)?
60
What is the value of -2 - (0 + 13 + (-108 - -97) + -15)?
11
What is the value of -22 - (24 + (-67 - -70))?
-49
Calculate (2 + -12 - (-157 - -72)) + 18 + 2.
95
Calculate -59 + -45 + 48 + 125.
69
-35 - -18 - -20 - (4 - -5 - 0)
-6
Calculate -34 - (-189 - -121) - 12.
22
Evaluate -119 + (207 - 50) - (-1 - 1).
40
Calculate -4 + (-3 - -3) + -1 - (4 + -56 + -1).
48
Calculate -90 - (-127 - (-39 - 3)).
-5
What is (-64 - -2) + 12 + -2 + (1 - (3 - 4))?
-50
Calculate 2 + 9 + (-12 - 0) - (-31 + 2).
28
(-6 - (-19 - -6) - -15) + -21
1
What is -30 + -47 + 158 + -56?
25
Calculate 35 + -28 + -44 + 32.
-5
Evaluate -77 - (341 + -320 + 1 + -61).
-38
What is 11 - (-10 - (9 - (-29 - 9) - (27 - 22)))?
63
What is the value of (33 - (44 - 10)) + (5 - 0)?
4
What is the value of (-1 + -2 - 1) + 13 + 96 + -153 + 3?
-45
Calculate 41 + (8 - (38 + -18)).
29
-5 - (-3 - -7) - 0 - (-1 + -16 + 6)
2
What is 7 + 0 - (212 - 212) - -20?
27
What is the value of -53 + (-18 - -25) + 21?
-25
What is the value of -1 + (51 - (2 + 3 - (11 - 9)))?
47
What is (70 - 34) + 45 + -48?
33
12 + -12 + 6 + (-12 - -18 - (2 + 3))
7
20 - 5 - (-20 - -24) - (-4 - -2)
13
What is -2 + -13 + 29 + -13 + 10 + -2 + -63?
-54
Calculate 41 + -62 + 38 + -45.
-28
What is 933 + -907 + -30 + -1?
-5
What is the value of -1244 + 1191 + -5 + 4 + 31?
-23
(2 - (-2 - -12)) + 108 + 63 + -78
85
Calculate -51 + 1 + (137 - (-89 + 186)).
-10
Evaluate -2 - (6 + 2 + 10 + -1 + 70).
-89
Evaluate 56 + ((-4 - 12) + -27 - -23).
36
What is (-22 - (-9 + -6 + 5)) + -17 - 3?
-32
(-93 + 88 - ((4 - 6) + -2)) + (17 - -2)
18
-24 + 8 + -9 + 53
28
What is the value of (-16 - ((1 - 12) + 17)) + -22 + 22?
-22
(6 - (5 + -7)) + 0 - (103 + -110)
15
Evaluate 3 + ((-1 - 6) + -3 - (14 + -1)).
-20
What is 0 + (2 - (-11 - 4) - -31) + 8?
56
Calculate (0 - -42) + 7841 + -7781.
102
What is the value of 16 - 73 - 3 - -11?
-49
Evaluate 6 + (-18 - -1) + -59 + (107 - -69).
106
What is (-1 - -39) + (11 - (-15 - -14) - (13 - 9))?
46
What is (-26 - -46 - 42 - -40) + 19?
37
What is (83 - 15 - 74) + (3 - (9 - 2))?
-10
Calculate 5 + (-13 - (4 - (-46 + 23))).
-35
Calculate -139 - (53 - 126) - (3 + (1 - 8) + -2).
-60
Calculate 1 + (-11 - (-10 + (5 - -1 - 5)) - -5).
4
Evaluate -8 + -1 - (15 - (-25 - -9 - -39)).
-1
-4 + (-4 + 38 - (-22 - -5))
47
What is the value of -85 - -50 - -15 - -14?
-6
What is -6 + 8 + -6 + 5 + -41 + 24?
-16
What is -12 + (38 - 71 - -53)?
8
(-1 - 0) + -1224 + 1183
-42
What is 74 - (58 + -42) - 73 - (1 + 30)?
-46
What is the value of (-175 + 8 - -36) + 63?
-68
What is the value of 2 + (-24 + (19 - -17) - -23)?
37
Calculate -3 + (-11 - (-38 + 2)) - (115 - 0).
-93
Evaluate -2 - 1 - (-58 + 30 - 102).
127
Evaluate -45 + 51 + -1 + 24 + -21.
8
What is (-135 - -64) + 46 + 144?
119
Calculate (25 - (-50 - -108)) + 69.
36
What is the value of 94 - -24 - (227 + -87)?
-22
Calculate 36 + (-60 - 7) + 26.
-5
What is the value of 44 + 6 + -41 + -1 + -2 - -41?
47
What is the value of -451 + -50 + 525 - (78 - (-1 - -1))?
-54
What is the value of -25 - (37 + -68) - (-1 + -7 - (0 + 0))?
14
What is the value of -48 + -45 + 45 - -17?
-31
What is the value of 675 + -756 + 78 + 15?
12
-24 - (6 + (-108 - (3 + -29)))
52
What is the value of 26 - (4 + (-23 - -4) - -19)?
22
What is the value of -10 + (-56 + 22 - -60) + 1 + -55?
-38
-122 + -2 + 43 + 46
-35
What is -18 + -5 + 36 + 1 + (2 - 7)?
9
Calculate (-41 - -37) + 85 - 107.
-26
What is -13 + (23 - 23) + -1 + -2 + 111?
95
What is -44 + 6 + 8 + -5?
-35
What is (106 - 107) + -25 - -24?
-2
What is (-1 - ((508 - 499) + 0 + -1)) + 56?
47
What is the value of 643 + -714 - (-3 - -5 - 7 - -25)?
-91
32 + (-11 - 4) + -70
-53
Evaluate 26 + (-32 + 2 - -61).
57
(-1 - (-41 + -1)) + (-24 + 3 - -10) + 16
46
43 + (-44 - -56) - (-2 - -15)
42
0 + -6 + -1 + -2 + (-24 - (-367 - -332))
2
Calculate -45 + (-41 - -116) + -31 - (48 - 0).
-49
What is 29 + (293 - 340) - (-2 + -1 + -1)?
-14
Evaluate (-3 - (-26 - -11)) + 52 + (-8 - -1) - -10.
67
What is the value of -11 + (-10 - -107) - (-7 + (-8 + -2 - -31))?
72
Evaluate -10 + (415 - 341 - (22 + 0)).
42
What is (2 + -34 - (21 + -18)) + 17 + -7?
-25
What is the value of 65 - (-30 + -5 + 14 - -35)?
51
What is the value of 4 + -4 + 14 + (-7 - -1 - 7) + 67?
68
Calculate -133 + 4 - 2 - (29 + 4 + -26 + -5).
-133
Calculate 34 + (31 - 18) - 87.
-40
-42 - (-22 - (-5 - (38 + -22)) - (0 + -12))
-53
(-32 - (-108 - -53)) + -67
-44
Calculate -8 - (-7 + 16) - 36.
-53
What is the value of (33 - 4) + 236 + -277?
-12
What is -4 + -28 - ((18 - 1) + -6)?
-43
What is -1 - 22 - (-495 - -454)?
18
-3 + 31 + -10 - (-23 + 27)
14
Evaluate 36 + -184 + 77 - -92.
21
Calculate -14 + 14 + -14 + 2 - (-5 + 13).
-20
What is 125 + -57 + (29 - 32 - (5 